{"id":231,"date":"2026-04-17T09:35:51","date_gmt":"2026-04-17T12:35:51","guid":{"rendered":"https:\/\/lucianovolonnino.me\/?page_id=231"},"modified":"2026-04-17T10:11:43","modified_gmt":"2026-04-17T13:11:43","slug":"publicidades-individuales","status":"publish","type":"page","link":"https:\/\/lucianovolonnino.me\/?page_id=231","title":{"rendered":"Publicidad Google Maps"},"content":{"rendered":"\n<p>Buscamos una publicidad que sea memorable en el tiempo, que sea r\u00e1pida y potente para que llegue al potencial cliente, no solo generando humor, tambi\u00e9n cercan\u00eda con la marca, que sea una publicidad que tranquilamente podr\u00eda circular en modo de reel por las redes y los usuarios.<\/p>\n\n\n\n<p>Este tipo de publicidad empapada en lo bizarro y gracioso tiene un potencial gigante ya que la gente comenta, guarda, likea y comparte este estilo de publicaci\u00f3nes.<\/p>\n\n\n\n<figure class=\"wp-block-video\"><video height=\"1920\" style=\"aspect-ratio: 1080 \/ 1920;\" width=\"1080\" controls src=\"https:\/\/lucianovolonnino.me\/wp-content\/uploads\/2026\/04\/Gmail.mp4\"><\/video><\/figure>\n\n\n\n<h2 class=\"wp-block-heading\">Publicidad para IHeCSI<\/h2>\n\n\n\n<p><\/p>\n","protected":false},"excerpt":{"rendered":"<p>Buscamos una publicidad que sea memorable en el tiempo, que sea r\u00e1pida y potente para que llegue al potencial cliente, no solo generando humor, tambi\u00e9n cercan\u00eda con la marca, que sea una publicidad que tranquilamente podr\u00eda circular en modo de reel por las redes y los usuarios. Este tipo de publicidad empapada en lo bizarro [&hellip;]<\/p>\n","protected":false},"author":1,"featured_media":0,"parent":0,"menu_order":0,"comment_status":"closed","ping_status":"closed","template":"","meta":{"footnotes":""},"class_list":["post-231","page","type-page","status-publish","hentry"],"_links":{"self":[{"href":"https:\/\/lucianovolonnino.me\/index.php?rest_route=\/wp\/v2\/pages\/231","targetHints":{"allow":["GET"]}}],"collection":[{"href":"https:\/\/lucianovolonnino.me\/index.php?rest_route=\/wp\/v2\/pages"}],"about":[{"href":"https:\/\/lucianovolonnino.me\/index.php?rest_route=\/wp\/v2\/types\/page"}],"author":[{"embeddable":true,"href":"https:\/\/lucianovolonnino.me\/index.php?rest_route=\/wp\/v2\/users\/1"}],"replies":[{"embeddable":true,"href":"https:\/\/lucianovolonnino.me\/index.php?rest_route=%2Fwp%2Fv2%2Fcomments&post=231"}],"version-history":[{"count":2,"href":"https:\/\/lucianovolonnino.me\/index.php?rest_route=\/wp\/v2\/pages\/231\/revisions"}],"predecessor-version":[{"id":241,"href":"https:\/\/lucianovolonnino.me\/index.php?rest_route=\/wp\/v2\/pages\/231\/revisions\/241"}],"wp:attachment":[{"href":"https:\/\/lucianovolonnino.me\/index.php?rest_route=%2Fwp%2Fv2%2Fmedia&parent=231"}],"curies":[{"name":"wp","href":"https:\/\/api.w.org\/{rel}","templated":true}]}}